ue of 152 + -153 + (-1 - -1 - 4)?
-5
Evaluate -2 - 0 - (4 - 11) - 3.
2
What is the value of -2 - 0 - (-18 + 20)?
-4
Calculate -5 - -5 - -5 - 6.
-1
What is the value of -7 + 5 + (-4 - -1)?
-5
What is the value of 10 + 4 + -8 + (0 - 0)?
6
What is (5 - 1) + 0 - 3?
1
3 - 0 - (15 + -15)
3
What is the value of 5 + -1 + -3 + -5 + 9?
5
Calculate -3 - (-3 - 2 - (-1 - -4)).
5
1 + 8 + 2 + -12 + 4
3
What is the value of (15 - 14) + (-4 - -1)?
-2
What is the value of 3 + 2 - (23 - 23)?
5
What is -1 + (-3 - -1) + 0?
-3
Calculate (0 + 1 - (8 - 12)) + -1.
4
Evaluate 1 + (2 - 2) - 7 - -2.
-4
Evaluate (3 - 1) + -3 - (-22 + 18).
3
Calculate -2 - -1 - 3 - -3 - -6.
5
Evaluate -4 - ((-3 + 1 - 1) + 2).
-3
What is 8 + (17 - 14) + (-4 - 1)?
6
Evaluate 0 - (-5 - (-9 + 4)).
0
What is the value of 4 + -1 - (0 + (4 - 6))?
5
Calculate (-2 - -8) + (-21 - -14).
-1
Evaluate (-6 - (-9 - -7)) + -1 + -3.
-8
What is -12 + (18 - 8) + -7?
-9
What is (-3 - -6) + (3 - 4)?
2
Calculate (2 - -1) + (19 - 9 - 16).
-3
What is the value of -9 + (0 - -1) - (-8 + 4)?
-4
Calculate (4 - (0 + 4)) + 3 + -6.
-3
What is (-6 - (-7 + -3)) + (0 - 7)?
-3
Calculate 14 + -13 + (-1 - 1).
-1
What is the value of 3 + (1 - 1) + 2?
5
6 + (0 + -11 - -5) + 0
0
What is -3 - (3 + -5 + 4)?
-5
Evaluate (3 - -1) + (2 - (8 + -4)).
2
Evaluate 3 - (5 + -1 + 1).
-2
1 - ((5 - 0) + -1 + -1)
-2
Calculate 5 + 3 + -5 + -1.
2
What is 1 + (-3 - (-10 - (4 + -7)))?
5
Calculate 4 + (5 - 7 - 4).
-2
What is -2 - 1 - (6 + -8 + 3)?
-4
What is 2 - 0 - (0 + (1 - -1))?
0
Calculate 10 + (-6 - -2) + (-30 - -33).
9
What is the value of -2 + (-3 + 8 - 3)?
0
What is the value of 3 - (0 - (-8 - (2 + -7)))?
0
Evaluate -1 + -3 + -3 + (12 - -3).
8
-2 + (-11 - -10) - -9
6
Calculate -1 - (3 + -4 + 1) - 0.
-1
What is the value of (8 - 7) + (10 - 6)?
5
What is 2 - (10 + -7) - (7 - 2)?
-6
Calculate (-16 - -12) + -1 + 5.
0
Calculate -3 + 7 + -3 - (1 - -4).
-4
What is (-1 + 2 - 0) + (-182 - -181)?
0
What is 1 + -1 - 0 - (-75 - -76)?
-1
Calculate 13 - (2 - -4) - 4.
3
What is the value of (-1 - (8 - 0)) + 15?
6
4 + (4 - (6 + -1 + 4))
-1
Evaluate 1 + (2 - 6) + 4.
1
Evaluate 9 - (6 - 3) - (4 - 3).
5
Calculate -3 - -2 - (1 - (3 + -3)).
-2
Calculate (-6 - -1) + 7 + 4.
6
What is -51 - -51 - (1 + -1) - 9?
-9
What is the value of 8 + -19 + -5 + 12?
-4
Calculate (5 - 14 - -6) + 3 - -4.
4
Calculate (43 - 50) + -5 + 2.
-10
Calculate 4 - (13 - (7 - 0)).
-2
What is the value of (4 - (10 - 5)) + -1?
-2
Evaluate -4 + (-8 - -6 - -4).
-2
What is (6 - -2 - (-23 + 24)) + -6?
1
What is the value of (-13 - -17) + -3 - (1 + 1)?
-1
What is the value of (-9 - -16 - 0) + -7?
0
What is 3 + -7 + 4 - 1?
-1
Evaluate (-3 - -5) + -3 + 2 - 0.
1
Evaluate (-2 - (1 + 0 + -3)) + -5.
-5
What is the value of -4 + -2 + 4 - 0?
-2
(2 - 9) + (26 - 17)
2
-6 + 11 + -5 - (3 - 0)
-3
-4 - 1 - 5 - -7
-3
Calculate (6 - (3 + 5)) + (3 - 0).
1
3 - (5 - 2) - -2
2
Calculate 21 - 13 - (-1 - -13).
-4
(-4 - 4 - 0) + 3
-5
-1 + (12 - 6) - 2
3
What is the value of -5 + 15 + -6 - (0 + 0)?
4
Calculate -29 - -34 - (5 - -4).
-4
What is the value of 8 - (-9 + 6 - -10)?
1
What is the value of (29 - 22) + (0 - 12)?
-5
-3 + (-1 - 7) - -8
-3
What is the value of (1 - (6 - 2)) + -3?
-6
Evaluate 6 + (-10 - -2) - -8.
6
Evaluate (-14 - -10 - -4) + 0 + -4.
-4
Evaluate -4 - -1 - (-19 + 20 - 7).
3
What is -1 + 11 - (-31 - -37)?
4
Calculate 5 + -2 - (3 - 8 - -9).
-1
9 + -10 - (1 + (-8 - -4))
2
What is the value of 4 - (-21 + 26 + (-3 - 0))?
2
What is -10 + 12 - 11 - (2 - 1)?
-10
Evaluate -47 + 42 - (1 + -10 - 0).
4
What is the value of 1 + 2 + (9 - 8) - 10?
-6
Calculate -6 - (-8 - (-3 - -4)).
3
Calculate 11 + (-1 - 1) - 4.
5
Calculate 3 + (-14 - -17 - (0 + 2)).
4
Calculate 8 + -7 + -1 + -6.
-6
What is (-3 - 3) + 0 + 1 + 7?
2
What is -5 - (-10 + -5) - 9?
1
15 + -14 - (2 - 1 - 5)
5
-10 + (-4 - -10) + -3 - -4
-3
-3 + ((7 - -4) + -5 - 0)
3
What is the value of 4 - 8 - -8 - (8 + 0)?
-4
What is 1 - ((-4 - -2) + 2) - -2?
3
Calculate -7 + (-4 - -2) - (-25 - -18).
-2
3 - 5 - (-34 + 33)
-1
What is -3 + -2 + 2 + 2?
-1
Calculate -7 - (-20 + 11 - (1 + 5)).
8
Calculate (0 - 1) + (-3 - 0).
-4
Calculate 3 + (0 - (2 + -4)).
5
Evaluate 1 + 2 - (2 - -6).
-5
Calculate 7 + (4 - -3) + -17.
-3
Evaluate 3 - (4 - 6) - (1 + -1).
5
1 - -3 - (1 + 2)
1
Evaluate -3 + (6 - 3) + -2 - 2.
-4
Evaluate -6 + 8 - (0 + -1) - 5.
-2
-1 - (-7 - (-7 + 2))
1
3 - (0 - (2 + -3 - -2))
4
Calculate -3 - (-9 - (-1 + -1)).
4
Calculate 94 + -89 - (0 + (0 - 0)).
5
Evaluate (-4 - (-17 + 10)) + -10.
-7
What is the value of 1 + (-4 - (-6 - -2))?
1
Evaluate -1 + -1 - ((3 - 4) + 5).
-6
Calculate -13 + 14 + 4 + -6.
-1
Evaluate -6 + -2 + 2 + 4 + -2.
-4
1 - 0 - 3 - -6 - 1
3
What is -10 + 11 + (3 - 8)?
-4
What is the value of -7 + -3 + 5 + 2?
-3
(25 - 13 - 12) + 1 + 0
1
What is the value of 5 + -1 + (-3 - 3) + 0?
-2
Evaluate -7 + 1 - (38 - 14 - 28).
-2
What is the value of -11 + 8 + -12 + 17?
2
Evaluate -5 + 1 - (-13 + (3 - -15)).
-9
Calculate (13 - -1) + (-43 - -38).
9
What is the value of 2 + (-4 + -6 - -14)?
6
What is 11 + -13 + 8 + 2?
8
What is 3 - (2 - -1) - 1?
-1
Evaluate (5 - (18 - 5)) + 6.
-2
What is the value of (0 - 3) + (-11 - -2 - -7)?
-5
2 - -1 - (-6 + 7 - -3)
-1
What is the value of -5 - ((3 - -2) + -9) - -6?
5
Evaluate -12 + (-2 - -6) - -1.
-7
Evaluate 1 - -1 - (4 + 1 + -5).
2
(0 - -4) + (-1 - 3) - 4
-4
What is 3 - ((7 - 7) + 3) - 5?
-5
9 - (2 - (-1 - 1))
5
What is the value of 0 + 5 + -14 + 21 - 4?
8
Evaluate 5 - (2 + -5 + 5).
3
What is -2 - ((-4 - -3) + 0)?
-1
What is the value of (12 - 2) + -4 + -9?
-3
What is -11 + 10 - (-2 + 0)?
1
Calculate (6 - 4) + -4 + -2 + -1.
-5
What is the value of (-4 + 15 - 7) + (3 - 5)?
2
5 - (-6 - -2 - (-6 + -1))
2
-10 + 16 + -11 - -1
-4
What is -29 + 23 + (-1 - -10)?
3
What is 2 - -1 - -4 - 9?
-2
2 - (16 + -2 + -5)
-7
What is -1 + (-3 - ((2 - -2) + -3))?
-5
Evaluate 3 + -6 + (-7 - -5).
-5
Evaluate 0 + 1 - (7 + -3).
-3
Evaluate 4 + 4 + -6 + -1 + -2.
-1
What is the value of -3 + 2 - (-2 - 0)?
1
4 - 1 - (11 - 3)
-5
What is 0 + 4 + 0 - 0 - 5?
-1
Calculate 0 + -4 - (-20 + 12 + 6).
-2
(3 - 5) + (8 - (3 - 2))
5
Calculate -11 + 0 + 111 + -99.
1
(6 - ((-3 - 1) + 6)) + -1
3
Calculate 12 - (7 + -7 + 5).
7
What is 0 - 1 - (-6 - 5 - -2)?
8
What is -2 - (3 - (0 - -5))?
0
Calculate (-2 - -2 - -2) + -1 + 2.
3
What is the value of 2 - -1 - (10 - 4)?
-3
What is the value of -4 - (3 - (-1 + (7 - 3)))?
-4
Evaluate -5 + (0 - -5) + 0.
0
What is 6 - (6 - 0 - (3 - 0))?
3
Evaluate -1 - ((1 - -3) + -12 + 3).
4
(-2 - (1 - 3)) + (-4 - -7)
3
What is (-3 - 3) + 1 + 6 + -1?
0
What is 6 + -3 + 0 + (-2 - -4)?
5
What is the value of 0 + ((2 - -1) + -2 - 1)?
0
Calculate 1 - (1 - 3) - (0 - 1).
4
Evaluate 4 + -2 + -3 + 6.
5
-1 - -4 - 1 - (-172 - -171)
3
Calculate -17 + 14 + -1 + 2 + -1.
-3
Evaluate -1 + (0 - -2) - -2.
3
Evaluate 6 - ((-8 + 10 - -10) + -3).
-3
What is 3 + 2 + (2 - 8)?
-1
What is 2 - (-15 + -5 + (20 - 7))?
9
Evaluate 3 - (5 - ((-1 - 4) + 5)).
-2
-9 - ((0 - 4) + -1)
-4
What is the value of (1 - 3) + -2 - -3?
-1
What is 0 + -4 + 12 + -4 + -1?
3
What is the value of -4 + (9 - 1) + -2?
2
What is 8 + -6 - (6 - -1 - 3)?
-2
Calculate ((-4 - -15) + -5 - 12) + 4.
-2
4 + (1 + (-6 - -1) - 4)
-4
(2 - 2 - -10) + -14
-4
What is the value of 3 + (-4 - (-1 - 1)) + 1?
2
What is 10 - 6 - 1 - 3?
0
(5 - 6) + (3 - 1 - 2)
-1
What is the value of (0 - (3 - 2) - -1) + 0?
0
Evaluate 1 - 1 - (4 + -2 + 1).
-3
What is the value of (-4 - (-4 - 2)) + -6 + 8?
4
Evaluate -7 + 1 - (-1 - 0).
-5
What is the value of -4 + 3 + -1 + 61 + -55?
4
Evaluate -1 + 7 + 0 + -11.
-5
What is (3 - (-2 + 4)) + -1 + -4?
-4
What is the value of 0 + -2 - (16 - 17)?
-1
Calculate 3 + (5 + 3 - 8).
3
What is the value of 5 + 1 + 34 + -15 + -16?
9
Evaluate (5 - 2) + (2 - 1 - 1).
3
Calculate (-2 - 1 - -3) + (0 - 2).
-2
Evaluate 2 - 2 - (2 - 2 - -5).
-5
Evaluate 26 + -12 + -15 - (-1 + -1).
1
What is the value of 7 + (-7 - -2 - 0) + 2?
4
What is the value of -3 + 3 + (2 - 4)?
-2
Calculate 3 + (3 - (0 - -1)).
5
Evaluate 0 + (-3 - 4 - (12 + -13)).
-6
Calculate (-2 - -12) + (0 - 16).
-6
What is the value of -2 + (0 - -6) + -7?
-3
Evaluate -4 + 1 - (-19 + 20) - -1.
-3
Calculate 2 + 1 + -2 - 3 - 3.
-5
Evaluate 4 + -4 - (6 + -2).
-4
Evaluate (-3 - (1 - 1)) + 2 + 2.
1
5 + -3 + (3 - 6) + 4
3
2 + (0 - -3 - (-1 + 3))
3
Evaluate 